osite?
False
Is 51969899641 composite?
True
Is 5831141453 prime?
True
Is 18872962597 prime?
True
Is 1921260937 prime?
True
Is 1228916971 composite?
False
Is 36541439161 a prime number?
False
Is 3719380633 a prime number?
False
Is 1216711163 composite?
False
Is 102812002871 prime?
False
Is 3552447977 prime?
False
Is 1208003477 a composite number?
False
Is 198250069205 prime?
False
Is 41202416441 a prime number?
True
Is 346933261 a prime number?
True
Is 461985773 a composite number?
False
Is 1176109203 a prime number?
False
Is 31962487 a composite number?
True
Is 8016714959 a prime number?
False
Is 316366879 a composite number?
False
Is 1337724319 prime?
True
Is 5059379183 a composite number?
True
Is 8225780397 a composite number?
True
Is 1372913627 prime?
True
Is 43329388477 composite?
False
Is 1645364381 a composite number?
False
Is 7682027081 prime?
True
Is 2169911251 a composite number?
False
Is 32303387 composite?
False
Is 1155688643 a composite number?
True
Is 775578007 composite?
True
Is 3936047891 a prime number?
False
Is 272678927 a composite number?
True
Is 5509629413 prime?
True
Is 3414083471 composite?
True
Is 2258619373 a prime number?
True
Is 175080181 prime?
True
Is 8066823953 a composite number?
True
Is 20493733537 a composite number?
False
Is 19329806759 prime?
True
Is 2104058647 composite?
False
Is 2579908847 composite?
False
Is 12860831513 composite?
False
Is 81413303 a prime number?
True
Is 8008461785 prime?
False
Is 60811027 composite?
True
Is 403528651 composite?
False
Is 2410049119 prime?
True
Is 5022575903 prime?
True
Is 165843491 prime?
False
Is 4297587089 a prime number?
True
Is 552827813 a composite number?
True
Is 10921619933 prime?
False
Is 10934828773 a prime number?
False
Is 974519311 prime?
False
Is 216253332143 a prime number?
True
Is 13936676297 prime?
True
Is 298005569 prime?
True
Is 6705214739 a composite number?
True
Is 7271478877 prime?
False
Is 1412376293 a composite number?
False
Is 48154259303 prime?
True
Is 897302019 prime?
False
Is 114004489 composite?
False
Is 8348216831 prime?
False
Is 509030543629 a prime number?
True
Is 11166159293 a prime number?
False
Is 13677895799 prime?
True
Is 1592201939 a composite number?
True
Is 1788149179 a prime number?
True
Is 477713047 a composite number?
True
Is 345045557 composite?
True
Is 34353443227 prime?
True
Is 4868463881 prime?
True
Is 9486754393 composite?
False
Is 88465246117 a composite number?
False
Is 1493117513 composite?
False
Is 739206203 prime?
True
Is 30801540037 a composite number?
False
Is 4052309647 prime?
True
Is 3752164181 composite?
False
Is 57041883949 a prime number?
True
Is 12998822651 a prime number?
True
Is 13287999911 composite?
False
Is 4207976211 a prime number?
False
Is 911311381 composite?
True
Is 1443910673 a composite number?
True
Is 42470814803 prime?
True
Is 491185153 prime?
True
Is 92753935741 a prime number?
False
Is 90605356741 a prime number?
True
Is 2183680819 prime?
True
Is 20729793745 prime?
False
Is 555550993 a composite number?
True
Is 767001467 prime?
False
Is 9488468131 composite?
False
Is 3617676053 a composite number?
True
Is 612538243 a composite number?
False
Is 6456894439 a prime number?
False
Is 296870533 composite?
True
Is 37019988861 composite?
True
Is 11803761103 a prime number?
True
Is 15268841869 composite?
True
Is 10636212311 composite?
True
Is 81059141 a composite number?
True
Is 2226225845 composite?
True
Is 392209247 a prime number?
True
Is 204610599257 a prime number?
True
Is 40875044689 composite?
False
Is 227212985047 a prime number?
True
Is 9819699277 composite?
True
Is 34547352951 composite?
True
Is 21069701 prime?
True
Is 844858403 prime?
False
Is 904092857 a prime number?
True
Is 1221994261 composite?
False
Is 1548571061 prime?
False
Is 196149193 a prime number?
True
Is 868541147 composite?
True
Is 4433512366 a prime number?
False
Is 145269612751 a prime number?
True
Is 4504837 a prime number?
False
Is 3601921591 prime?
True
Is 689288989 a composite number?
False
Is 188878346567 a prime number?
False
Is 419443693 a prime number?
True
Is 22197705199 a prime number?
True
Is 71008387 composite?
False
Is 23518156019 composite?
False
Is 23498431 a composite number?
True
Is 14836355939 a prime number?
False
Is 580618033 a prime number?
True
Is 219081829 prime?
False
Is 7792248781 a prime number?
False
Is 26249277677 a composite number?
True
Is 43999543051 a composite number?
True
Is 2982975161 a prime number?
False
Is 5216747 composite?
False
Is 695018927 prime?
True
Is 37391611693 a prime number?
True
Is 23564677967 a composite number?
True
Is 74524747571 a composite number?
True
Is 622898911 prime?
False
Is 72140423 prime?
False
Is 7166042701 a composite number?
False
Is 11464438513 composite?
True
Is 6906411271 composite?
False
Is 17325587257 a composite number?
True
Is 3911447951 a prime number?
True
Is 9640824113 a prime number?
True
Is 909491309 prime?
True
Is 685392823 composite?
True
Is 4156606211 a prime number?
True
Is 520853167 composite?
False
Is 17829792289 composite?
False
Is 97162534361 a prime number?
False
Is 419362831 prime?
False
Is 58916820643 a prime number?
False
Is 324989981 prime?
False
Is 19526738423 a prime number?
True
Is 12503446063 a prime number?
True
Is 22412731361 a prime number?
True
Is 1612049365 a prime number?
False
Is 21367348141 a composite number?
False
Is 1480714241 a prime number?
True
Is 26830510981 composite?
False
Is 2952055607 a composite number?
True
Is 2130330355 composite?
True
Is 2770136518 prime?
False
Is 3774277439 a prime number?
False
Is 7754274979 a prime number?
False
Is 14734112537 composite?
False
Is 194597891 a composite number?
True
Is 238661161 a prime number?
True
Is 378672067 composite?
True
Is 76243747 prime?
False
Is 444376237 composite?
True
Is 2110575791 prime?
True
Is 4215957479 a composite number?
False
Is 199926257 composite?
False
Is 5042009897 a prime number?
False
Is 22795195327 composite?
True
Is 9484273723 prime?
True
Is 447545181 composite?
True
Is 4216822177 a composite number?
False
Is 53317884857 a composite number?
True
Is 51566392411 a composite number?
False
Is 2284389181 composite?
False
Is 164091497 composite?
True
Is 3665153365 a prime number?
False
Is 322476001 a prime number?
True
Is 1368460501 a prime number?
True
Is 1635594739 a prime number?
True
Is 1027212031 a prime number?
False
Is 160944587 composite?
False
Is 663713573 a prime number?
True
Is 15736744346 composite?
True
Is 89698547 a composite number?
False
Is 6247953457 a composite number?
True
Is 19109011631 composite?
False
Is 4220329943 a prime number?
True
Is 7149599537 a prime number?
True
Is 772453667 composite?
True
Is 99686159 prime?
True
Is 2965319789 prime?
True
Is 2519134181 composite?
True
Is 17436463379 a composite number?
True
Is 25519048553 prime?
True
Is 24828360077 composite?
False
Is 19953586063 a composite number?
True
Is 3522888907 a prime number?
False
Is 615478553 prime?
True
Is 125458741 composite?
False
Is 2205888169 a composite number?
False
Is 1507871501 a prime number?
False
Is 273852563 a prime number?
True
Is 1051035077 a prime number?
True
Is 32780037461 composite?
True
Is 63083336779 a prime number?
False
Is 1609412417 a prime number?
False
Is 295530444721 a prime number?
True
Is 362007311 composite?
True
Is 1437550826 composite?
True
Is 51119445649 composite?
True
Is 513136681 a prime number?
True
Is 355426189 prime?
True
Is 51265103683 a prime number?
False
Is 326030077 a composite number?
True
Is 2747027209 prime?
True
Is 10098344253 a composite number?
True
Is 174816869 prime?
False
Is 711918731 prime?
True
Is 7552394673 composite?
True
Is 623220827 composite?
True
Is 46692251 prime?
False
Is 80229834813 composite?
True
Is 17239647941 composite?
True
Is 2377603213 composite?
False
Is 10609128197 composite?
False
Is 8474193461 composite?
False
Is 5209276573 a composite number?
False
Is 41348543433 a composite number?
True
Is 434359127 a prime number?
True
Is 1434916687 a prime number?
True
Is 65944880381 composite?
False
Is 667763933 prime?
True
Is 7217108263 a prime number?
True
Is 11008589 a composite number?
False
Is 3266198381 prime?
True
Is 10065116371 a prime number?
True
Is 51973893217 a prime number?
False
Is 7027334